868
What is the remainder when 304056 is divided by 60523?
1441
Calculate the remainder when 2059245 is divided by 20592.
45
What is the remainder when 5511439 is divided by 20?
19
What is the remainder when 495288 is divided by 38098?
14
What is the remainder when 10905494 is divided by 644?
642
Calculate the remainder when 440966 is divided by 440942.
24
What is the remainder when 561560 is divided by 280776?
8
What is the remainder when 115547459 is divided by 3090?
3089
What is the remainder when 6880881 is divided by 1720218?
9
What is the remainder when 832919 is divided by 2563?
2507
What is the remainder when 142421 is divided by 6775?
146
Calculate the remainder when 5378407 is divided by 173497.
0
Calculate the remainder when 1824443 is divided by 22.
5
Calculate the remainder when 9621871 is divided by 4810928.
15
Calculate the remainder when 346026 is divided by 256.
170
What is the remainder when 78739 is divided by 1370?
649
What is the remainder when 139310 is divided by 139198?
112
Calculate the remainder when 1825130 is divided by 4523.
2361
What is the remainder when 192126 is divided by 4933?
4672
Calculate the remainder when 375608877 is divided by 11580.
11577
Calculate the remainder when 2929886 is divided by 12964.
22
What is the remainder when 1148247 is divided by 11040?
87
What is the remainder when 165672 is divided by 82725?
222
Calculate the remainder when 485372 is divided by 668.
404
Calculate the remainder when 210051 is divided by 3172.
699
Calculate the remainder when 103146383 is divided by 2726.
2721
What is the remainder when 2455847 is divided by 409306?
11
Calculate the remainder when 3223385 is divided by 805841.
21
Calculate the remainder when 21526178 is divided by 459.
455
What is the remainder when 57865 is divided by 94?
55
What is the remainder when 42119623 is divided by 46?
45
Calculate the remainder when 801881 is divided by 18643.
232
What is the remainder when 31682706 is divided by 10560884?
54
Calculate the remainder when 360130 is divided by 5144.
50
What is the remainder when 400133 is divided by 5398?
681
Calculate the remainder when 127298987 is divided by 16.
11
Calculate the remainder when 29298272 is divided by 9.
5
Calculate the remainder when 651714622 is divided by 704.
702
What is the remainder when 287469 is divided by 2777?
1438
What is the remainder when 4825980 is divided by 9?
0
Calculate the remainder when 81841 is divided by 4752.
1057
Calculate the remainder when 598555 is divided by 99758.
7
Calculate the remainder when 1084475 is divided by 1025.
25
Calculate the remainder when 5421491 is divided by 694.
657
Calculate the remainder when 12184 is divided by 1995.
214
What is the remainder when 1848793 is divided by 1389?
34
What is the remainder when 3993 is divided by 3240?
753
What is the remainder when 10965422 is divided by 6473?
160
What is the remainder when 34954070 is divided by 420?
410
What is the remainder when 27565247 is divided by 1198488?
23
What is the remainder when 68712429 is divided by 6?
3
What is the remainder when 124212 is divided by 2759?
57
What is the remainder when 22854126 is divided by 486258?
0
Calculate the remainder when 260636 is divided by 410.
286
What is the remainder when 4545726 is divided by 66848?
62
What is the remainder when 122525 is divided by 988?
13
Calculate the remainder when 1496695 is divided by 284.
15
Calculate the remainder when 1034985 is divided by 191.
147
Calculate the remainder when 21059 is divided by 1577.
558
What is the remainder when 1694391 is divided by 276?
27
Calculate the remainder when 2397084 is divided by 8127.
7746
Calculate the remainder when 3135953 is divided by 61.
4
What is the remainder when 5366844 is divided by 3641?
10
What is the remainder when 3205095 is divided by 22?
3
Calculate the remainder when 2298945 is divided by 636.
441
What is the remainder when 822333 is divided by 314?
281
Calculate the remainder when 26677345 is divided by 1050.
1045
Calculate the remainder when 872045 is divided by 326.
321
What is the remainder when 10950084 is divided by 233?
16
What is the remainder when 17444 is divided by 7366?
2712
What is the remainder when 643271 is divided by 1797?
1742
Calculate the remainder when 1019052 is divided by 59943.
21
What is the remainder when 29541535 is divided by 1969434?
25
Calculate the remainder when 305245188 is divided by 14.
10
What is the remainder when 1330181 is divided by 2208?
965
Calculate the remainder when 52653198 is divided by 16.
14
What is the remainder when 176568 is divided by 4797?
3876
Calculate the remainder when 6256705 is divided by 32587.
1
What is the remainder when 96848956 is divided by 62?
58
Calculate the remainder when 1839126 is divided by 2367.
2334
What is the remainder when 251196 is divided by 41038?
4968
What is the remainder when 12887260 is divided by 1352?
1348
What is the remainder when 2306338 is divided by 1153166?
6
What is the remainder when 20843558 is divided by 89?
25
What is the remainder when 14910 is divided by 3697?
122
What is the remainder when 460423 is divided by 61?
56
Calculate the remainder when 7377971 is divided by 703.
689
What is the remainder when 17986142 is divided by 8?
6
What is the remainder when 5266605 is divided by 69?
42
What is the remainder when 28689989 is divided by 673?
672
Calculate the remainder when 150606 is divided by 536.
526
Calculate the remainder when 7549769 is divided by 5.
4
Calculate the remainder when 2569458 is divided by 1534.
8
What is the remainder when 1297 is divided by 823?
474
Calculate the remainder when 27409947 is divided by 1323.
33
Calculate the remainder when 672571 is divided by 335921.
729
What is the remainder when 12741737 is divided by 1395?
1202
Calculate the remainder when 15494271 is divided by 781.
12
What is the remainder when 14646 is divided by 208?
86
What is the remainder when 9246135 is divided by 479?
477
What is the remainder when 33848553 is divided by 5641423?
15
What is the remainder when 7974161 is divided by 28078?
9
Calculate the remainder when 4514036 is divided by 186.
2
Calculate the remainder when 4259038 is divided by 260.
238
What is the remainder when 538410 is divided by 335?
65
What is the remainder when 11151535 is divided by 4294?
17
Calculate the remainder when 12257771 is divided by 2355.
2351
What is the remainder when 404314987 is divided by 35?
27
What is the remainder when 49468 is divided by 120?
28
Calculate the remainder when 2523174 is divided by 189.
24
What is the remainder when 654841 is divided by 377?
369
What is the remainder when 74348673 is divided by 238297?
9
What is the remainder when 3357970 is divided by 3357862?
108
What is the remainder when 620294 is divided by 3875?
294
Calculate the remainder when 13976367 is divided by 8.
7
Calculate the remainder when 135426 is divided by 5514.
3090
What is the remainder when 327619 is divided by 155?
104
What is the remainder when 89893 is divided by 149?
46
What is the remainder when 118406 is divided by 2820?
2786
What is the remainder when 149551 is divided by 29904?
31
What is the remainder when 29279263 is divided by 994?
993
What is the remainder when 49696 is divided by 11557?
3468
What is the remainder when 147669 is divided by 4245?
3339
What is the remainder when 1616690 is divided by 19?
18
What is the remainder when 1840633 is divided by 920310?
13
What is the remainder when 151813860 is divided by 9?
6
Calculate the remainder when 496421 is divided by 3334.
2989
Calculate the remainder when 1118035 is divided by 9.
1
Calculate the remainder when 32358328 is divided by 468961.
19
Calculate the remainder when 754118 is divided by 251365.
23
Calculate the remainder when 516720 is divided by 3206.
554
What is the remainder when 46549 is divided by 46432?
117
What is the remainder when 37080739 is divided by 59?
6
What is the remainder when 175190 is divided by 175014?
176
Calculate the remainder when 8543171 is divided by 2443.
0
Calculate the remainder when 24960 is divided by 4159.
6
What is the remainder when 6060034 is divided by 796?
86
What is the remainder when 859294 is divided by 6452?
1178
What is the remainder when 6470697 is divided by 730